2030 is divided by 1885946?
138
Calculate the remainder when 787564 is divided by 99.
19
Calculate the remainder when 307156 is divided by 38350.
356
Calculate the remainder when 10296288 is divided by 379.
374
What is the remainder when 9703 is divided by 9439?
264
What is the remainder when 2904760 is divided by 968252?
4
Calculate the remainder when 24246286 is divided by 24.
22
What is the remainder when 238951 is divided by 210?
181
What is the remainder when 147766722 is divided by 28?
26
What is the remainder when 43293 is divided by 1030?
33
Calculate the remainder when 13055467 is divided by 2333.
2332
What is the remainder when 257823 is divided by 6610?
33
Calculate the remainder when 203223 is divided by 85.
73
Calculate the remainder when 1772815 is divided by 670.
665
What is the remainder when 11766 is divided by 1224?
750
What is the remainder when 13776066 is divided by 280?
66
What is the remainder when 18113 is divided by 2466?
851
Calculate the remainder when 1284005 is divided by 18.
11
Calculate the remainder when 36985300 is divided by 672460.
0
What is the remainder when 8942816 is divided by 3848?
64
What is the remainder when 331719 is divided by 846?
87
What is the remainder when 36478 is divided by 580?
518
What is the remainder when 5398 is divided by 1879?
1640
What is the remainder when 15074395 is divided by 240?
235
What is the remainder when 10960 is divided by 90?
70
Calculate the remainder when 18285 is divided by 8998.
289
What is the remainder when 861851 is divided by 282?
59
What is the remainder when 3309 is divided by 77?
75
Calculate the remainder when 3601769 is divided by 720353.
4
What is the remainder when 165581 is divided by 162195?
3386
What is the remainder when 4711283 is divided by 278?
17
Calculate the remainder when 890107 is divided by 444980.
147
Calculate the remainder when 1729134 is divided by 7358.
4
Calculate the remainder when 635690 is divided by 1577.
159
Calculate the remainder when 39843 is divided by 539.
496
Calculate the remainder when 16856230 is divided by 36.
22
Calculate the remainder when 18072780 is divided by 25.
5
What is the remainder when 5612524 is divided by 3106?
3088
What is the remainder when 8244955 is divided by 4122434?
87
Calculate the remainder when 288635 is divided by 48.
11
What is the remainder when 18200 is divided by 1207?
95
Calculate the remainder when 230288 is divided by 693.
212
What is the remainder when 1079843 is divided by 1076787?
3056
What is the remainder when 877535 is divided by 1280?
735
Calculate the remainder when 741511 is divided by 95.
36
What is the remainder when 73975 is divided by 1372?
1259
Calculate the remainder when 24647625 is divided by 586847.
51
What is the remainder when 142714013 is divided by 804?
797
Calculate the remainder when 18487522 is divided by 102141.
1
Calculate the remainder when 191401 is divided by 1399.
1137
Calculate the remainder when 62537 is divided by 92.
69
Calculate the remainder when 94646 is divided by 2233.
860
Calculate the remainder when 4633978 is divided by 671.
52
Calculate the remainder when 3051364 is divided by 281.
266
What is the remainder when 1308050 is divided by 81741?
194
What is the remainder when 141044033 is divided by 238?
235
Calculate the remainder when 2574505 is divided by 124.
17
Calculate the remainder when 4011449 is divided by 141.
140
Calculate the remainder when 4356627 is divided by 27749.
34
What is the remainder when 5261170 is divided by 481?
473
Calculate the remainder when 33452760 is divided by 1672637.
20
What is the remainder when 9556 is divided by 9410?
146
What is the remainder when 5282292 is divided by 438?
12
Calculate the remainder when 1767533638 is divided by 1704.
1702
Calculate the remainder when 1694602 is divided by 368.
330
What is the remainder when 3695599 is divided by 1024?
1007
Calculate the remainder when 109495 is divided by 3563.
2605
Calculate the remainder when 13184604 is divided by 444.
24
Calculate the remainder when 83065 is divided by 8302.
45
What is the remainder when 9792468 is divided by 652829?
33
Calculate the remainder when 3977204 is divided by 3345.
3344
What is the remainder when 18992 is divided by 6086?
734
Calculate the remainder when 1210947 is divided by 605402.
143
Calculate the remainder when 11591766 is divided by 1281.
1278
What is the remainder when 512369 is divided by 5900?
4969
What is the remainder when 13921699 is divided by 52?
51
What is the remainder when 1325456 is divided by 5388?
8
What is the remainder when 29071186 is divided by 1062?
1060
What is the remainder when 134865870 is divided by 248?
246
What is the remainder when 5191673 is divided by 1297866?
209
Calculate the remainder when 55506 is divided by 55431.
75
Calculate the remainder when 18902384 is divided by 81.
62
What is the remainder when 812593 is divided by 3762?
1
What is the remainder when 326102 is divided by 325896?
206
Calculate the remainder when 97771427 is divided by 41.
39
What is the remainder when 5126273 is divided by 354?
353
Calculate the remainder when 209790269 is divided by 3356.
3353
Calculate the remainder when 23348004 is divided by 11.
9
Calculate the remainder when 1686340 is divided by 64859.
6
Calculate the remainder when 17190376 is divided by 639.
637
Calculate the remainder when 20957930 is divided by 33.
26
Calculate the remainder when 45785 is divided by 215.
205
Calculate the remainder when 75040 is divided by 37360.
320
Calculate the remainder when 43054935 is divided by 47522.
3
Calculate the remainder when 14013538 is divided by 179.
165
Calculate the remainder when 4633 is divided by 1058.
401
What is the remainder when 1079502 is divided by 5264?
382
Calculate the remainder when 41636 is divided by 125.
11
Calculate the remainder when 4454233 is divided by 6085.
13
What is the remainder when 88373073 is divided by 44186527?
19
What is the remainder when 3145 is divided by 2029?
1116
Calculate the remainder when 266719769 is divided by 2169.
8
Calculate the remainder when 17943188 is divided by 176.
164
What is the remainder when 385570959 is divided by 6497?
6494
Calculate the remainder when 18526590 is divided by 928.
926
Calculate the remainder when 4514 is divided by 4396.
118
What is the remainder when 12306715 is divided by 266?
225
Calculate the remainder when 916651 is divided by 312.
307
What is the remainder when 12974 is divided by 4242?
248
Calculate the remainder when 65406 is divided by 112.
110
Calculate the remainder when 2948818 is divided by 35.
33
Calculate the remainder when 511992 is divided by 73062.
558
What is the remainder when 1901041 is divided by 39605?
1
What is the remainder when 10223692 is divided by 3407867?
91
What is the remainder when 182809 is divided by 60804?
397
What is the remainder when 88965 is divided by 5369?
3061
What is the remainder when 1221260 is divided by 911?
520
Calculate the remainder when 1854195 is divided by 1270.
1265
Calculate the remainder when 2252892 is divided by 1126399.
94
What is the remainder when 959277 is divided by 239814?
21
What is the remainder when 860524 is divided by 1150?
324
Calculate the remainder when 586078 is divided by 586072.
6
Calculate the remainder when 651955 is divided by 325.
5
Calculate the remainder when 139207 is divided by 46374.
85
Calculate the remainder when 563016 is divided by 78.
12
Calculate the remainder when 21755468 is divided by 146.
8
What is the remainder when 175032820 is divided by 1253?
1250
Calculate the remainder when 256297 is divided by 51245.
72
What is the remainder when 2317920 is divided by 26340?
0
What is the remainder when 7309525 is divided by 15?
10
Calculate the remainder when 115335151 is divided by 21.
1
Calculate the remainder when 68601452 is divided by 5649.
5645
Calculate the remainder when 264590 is divided by 35.
25
What is the remainder when 149081 is divided by 74460?
161
What is the remainder when 1715750 is divided by 100921?
93
What is the remainder when 11226558 is divided by 1821?
93
Calculate the remainder when 24671103 is divided by 82237.
3
Calculate the remainder when 155774420 is divided by 13.
9
What is the remainder when 36927 is divided by 2024?